{"id":2023,"date":"2025-09-08T06:51:40","date_gmt":"2025-09-08T06:51:40","guid":{"rendered":"https:\/\/www.gurelmutfakgerecleri.com\/?post_type=product&#038;p=2023"},"modified":"2025-09-08T07:02:54","modified_gmt":"2025-09-08T07:02:54","slug":"csa-karacasan-80-cm-700-seri-set-ustu-dort-gozlu-elektrikli-ocak","status":"publish","type":"product","link":"https:\/\/www.gurelmutfakgerecleri.com\/index.php\/urun\/csa-karacasan-80-cm-700-seri-set-ustu-dort-gozlu-elektrikli-ocak\/","title":{"rendered":"CSA Te\u015fhir Buzdolab\u0131 120x39x46 cm"},"content":{"rendered":"<h3>CSA Te\u015fhir Buzdolab\u0131 120x39x46 cm 304 Kalite<\/h3>\n<ul>\n<li><strong>Gastronom k\u00fcvetler fiyata dahil de\u011fildir.<\/strong><\/li>\n<li><strong>Cam fiyata dahildir.<\/strong><\/li>\n<li>\n<ul>\n<li>GN 1\/3 k\u00fcvet ile uyumludur.<\/li>\n<li>\u0130\u00e7 G\u00f6vde AISI 304 Paslanmaz \u00c7elik<\/li>\n<li>D\u0131\u015f G\u00f6vde AISI 304 Paslanmaz \u00c7elik<\/li>\n<li>35\/40 kg\/m Gazl\u0131 \u00c7evre Dostu HCFC<\/li>\n<li>Free Poli\u00fcretan \u0130zolasyon<\/li>\n<li>Dijital Kumanda Paneli<\/li>\n<li>S\u00f6k\u00fclebilir \u00fcst cam<\/li>\n<li>Y\u00fcksekli\u011fi Ayarlanabilir Paslanmaz Ayaklar<\/li>\n<li>CFC Free So\u011futma Gaz\u0131: R 134 A \/ R 404 A<\/li>\n<li>D\u0131\u015f Ortam S\u0131cakl\u0131\u011f\u0131 +43\u00b0C<\/li>\n<li>D\u0131\u015f Ortam Nem %65<\/li>\n<li>\u0130\u00e7 S\u0131cakl\u0131k: -2\/+2\u00b0C<\/li>\n<li>G\u00fc\u00e7: 220V\/50Hz. 0,12 kW<\/li>\n<li>\u00d6l\u00e7\u00fcler: 120x39x46<\/li>\n<li>Paketli \u00d6l\u00e7\u00fc: 140x45x60 cm<\/li>\n<li>A\u011f\u0131rl\u0131k: 50 kg<\/li>\n<\/ul>\n<\/li>\n<\/ul>\n","protected":false},"excerpt":{"rendered":"<h5>+ KDV<\/h5>\n<h5>\u0130stanbul i\u00e7i \u00fccretsiz teslimat.<\/h5>\n<h5>7-15\u00a0 g\u00fcn<\/h5>\n<h5>Kurumsal teklif al\u0131n\u0131z.<\/h5>\n","protected":false},"featured_media":2026,"comment_status":"open","ping_status":"closed","template":"","meta":{"_joinchat":[]},"product_brand":[],"product_cat":[33],"product_tag":[],"class_list":{"0":"post-2023","1":"product","2":"type-product","3":"status-publish","4":"has-post-thumbnail","6":"product_cat-pisirme-ekipmanlari","8":"first","9":"instock","10":"taxable","11":"shipping-taxable","12":"purchasable","13":"product-type-simple"},"jetpack_sharing_enabled":true,"_links":{"self":[{"href":"https:\/\/www.gurelmutfakgerecleri.com\/index.php\/wp-json\/wp\/v2\/product\/2023","targetHints":{"allow":["GET"]}}],"collection":[{"href":"https:\/\/www.gurelmutfakgerecleri.com\/index.php\/wp-json\/wp\/v2\/product"}],"about":[{"href":"https:\/\/www.gurelmutfakgerecleri.com\/index.php\/wp-json\/wp\/v2\/types\/product"}],"replies":[{"embeddable":true,"href":"https:\/\/www.gurelmutfakgerecleri.com\/index.php\/wp-json\/wp\/v2\/comments?post=2023"}],"wp:featuredmedia":[{"embeddable":true,"href":"https:\/\/www.gurelmutfakgerecleri.com\/index.php\/wp-json\/wp\/v2\/media\/2026"}],"wp:attachment":[{"href":"https:\/\/www.gurelmutfakgerecleri.com\/index.php\/wp-json\/wp\/v2\/media?parent=2023"}],"wp:term":[{"taxonomy":"product_brand","embeddable":true,"href":"https:\/\/www.gurelmutfakgerecleri.com\/index.php\/wp-json\/wp\/v2\/product_brand?post=2023"},{"taxonomy":"product_cat","embeddable":true,"href":"https:\/\/www.gurelmutfakgerecleri.com\/index.php\/wp-json\/wp\/v2\/product_cat?post=2023"},{"taxonomy":"product_tag","embeddable":true,"href":"https:\/\/www.gurelmutfakgerecleri.com\/index.php\/wp-json\/wp\/v2\/product_tag?post=2023"}],"curies":[{"name":"wp","href":"https:\/\/api.w.org\/{rel}","templated":true}]}}