{"id":2021,"date":"2025-09-08T06:47:31","date_gmt":"2025-09-08T06:47:31","guid":{"rendered":"https:\/\/www.gurelmutfakgerecleri.com\/?post_type=product&#038;p=2021"},"modified":"2025-09-08T07:09:22","modified_gmt":"2025-09-08T07:09:22","slug":"csa-karacasan-120-cm-700-seri-set-ustu-6-gozlu-elektrikli-ocak","status":"publish","type":"product","link":"https:\/\/www.gurelmutfakgerecleri.com\/index.php\/urun\/csa-karacasan-120-cm-700-seri-set-ustu-6-gozlu-elektrikli-ocak\/","title":{"rendered":"CSA Karacasan 120 cm 700 Seri Set \u00dcst\u00fc 6 G\u00f6zl\u00fc Elektrikli Ocak"},"content":{"rendered":"<h3>CSA Karacasan 120 cm 700 Seri Set \u00dcst\u00fc 6 G\u00f6zl\u00fc Elektrikli Ocak<\/h3>\n<ul>\n<li>Boy: 120 Cm En: 70 Cm Y\u00fckseklik: 30 Cm A\u011f\u0131rl\u0131k: 16 Kg<\/li>\n<li>700 Seri \u00dcr\u00fcnler Tamamen Profesyonel Kullan\u0131m \u0130\u00e7indir.<\/li>\n<li>Darbelere Kar\u015f\u0131 Dayan\u0131kl\u0131 \u00dcst D\u00f6k\u00fcm Y\u00fczey.<\/li>\n<li>Yuvarlat\u0131lm\u0131\u015f K\u00f6\u015feler Kolay Temizleme \u0130mkan\u0131 Ve Hijyen \u0130mkan\u0131 Sa\u011flam\u0131\u015ft\u0131r.<\/li>\n<li>\u00dcr\u00fcn\u00fcn G\u00f6vdesi Tamamen Paslanmaz \u00c7eliktir Bu Sayede Uzun Kullan\u0131m \u00d6mr\u00fc Sunar.<\/li>\n<li>\u00dcr\u00fcn \u00dczerinde Bir \u00c7ok Tava \u00c7e\u015fidini Kullanabilme \u00d6zelli\u011fi.<\/li>\n<li>Magnet Emniyet Ventilleri Sayesinde \u0130stem D\u0131\u015f\u0131 S\u00f6nmelerde Gaz\u0131 Otomatik Olarak Kapat\u0131r.<\/li>\n<li>Kendinden Piezzo \u00c7akma\u011f\u0131 Sayesinde Kolay \u00c7al\u0131\u015ft\u0131rma.<\/li>\n<li>Is\u0131ya Dayan\u0131kl\u0131 \u00d6zel Paslanmaz \u00c7elik Malzemeden \u00dcretilmi\u015f Br\u00fcl\u00f6r Yo\u011fun Kullan\u0131ma G\u00f6re \u00d6zel Tasarlanm\u0131\u015ft\u0131r.<\/li>\n<li>Plastik Sabitleyici Ayaklar Sayesinde Zeminde Oynama Yapmaz.<\/li>\n<li>Kullan\u0131m\u0131 Kolay Ve Hijyenik \u00dcr\u00fcnd\u00fcr.<\/li>\n<li>T\u00fcm Ocaklar Maksimum \u00dcr\u00fcn Pi\u015firme Kapasitesi, M\u00fckemmel Pi\u015firme Performans\u0131n\u0131n Yan\u0131nda Homojen Pi\u015firme Y\u00fczey S\u0131cakl\u0131\u011f\u0131 Yaratmak \u0130\u00e7in Tasarlanm\u0131\u015ft\u0131r.<\/li>\n<li>\u00d6zel Tasar\u0131m Is\u0131t\u0131c\u0131lar Sayesinde Homojen S\u0131cakl\u0131\u011fa Sahip Pi\u015firme Y\u00fczeyi Sa\u011flanm\u0131\u015ft\u0131r.<\/li>\n<\/ul>\n","protected":false},"excerpt":{"rendered":"<h5>+ KDV<\/h5>\n<h5>\u0130stanbul i\u00e7i \u00fccretsiz teslimat.<\/h5>\n<h5>7-15\u00a0 g\u00fcn<\/h5>\n<h5>Kurumsal teklif al\u0131n\u0131z.<\/h5>\n","protected":false},"featured_media":2022,"comment_status":"open","ping_status":"closed","template":"","meta":{"_joinchat":[]},"product_brand":[],"product_cat":[33],"product_tag":[],"class_list":{"0":"post-2021","1":"product","2":"type-product","3":"status-publish","4":"has-post-thumbnail","6":"product_cat-pisirme-ekipmanlari","8":"first","9":"instock","10":"taxable","11":"shipping-taxable","12":"purchasable","13":"product-type-simple"},"jetpack_sharing_enabled":true,"_links":{"self":[{"href":"https:\/\/www.gurelmutfakgerecleri.com\/index.php\/wp-json\/wp\/v2\/product\/2021","targetHints":{"allow":["GET"]}}],"collection":[{"href":"https:\/\/www.gurelmutfakgerecleri.com\/index.php\/wp-json\/wp\/v2\/product"}],"about":[{"href":"https:\/\/www.gurelmutfakgerecleri.com\/index.php\/wp-json\/wp\/v2\/types\/product"}],"replies":[{"embeddable":true,"href":"https:\/\/www.gurelmutfakgerecleri.com\/index.php\/wp-json\/wp\/v2\/comments?post=2021"}],"wp:featuredmedia":[{"embeddable":true,"href":"https:\/\/www.gurelmutfakgerecleri.com\/index.php\/wp-json\/wp\/v2\/media\/2022"}],"wp:attachment":[{"href":"https:\/\/www.gurelmutfakgerecleri.com\/index.php\/wp-json\/wp\/v2\/media?parent=2021"}],"wp:term":[{"taxonomy":"product_brand","embeddable":true,"href":"https:\/\/www.gurelmutfakgerecleri.com\/index.php\/wp-json\/wp\/v2\/product_brand?post=2021"},{"taxonomy":"product_cat","embeddable":true,"href":"https:\/\/www.gurelmutfakgerecleri.com\/index.php\/wp-json\/wp\/v2\/product_cat?post=2021"},{"taxonomy":"product_tag","embeddable":true,"href":"https:\/\/www.gurelmutfakgerecleri.com\/index.php\/wp-json\/wp\/v2\/product_tag?post=2021"}],"curies":[{"name":"wp","href":"https:\/\/api.w.org\/{rel}","templated":true}]}}