{"id":1711,"date":"2025-08-20T13:05:31","date_gmt":"2025-08-20T13:05:31","guid":{"rendered":"https:\/\/www.gurelmutfakgerecleri.com\/?post_type=product&#038;p=1711"},"modified":"2025-08-21T11:14:26","modified_gmt":"2025-08-21T11:14:26","slug":"wega-lunna-2-gruplu-tam-otomatik-espresso-makinesi","status":"publish","type":"product","link":"https:\/\/www.gurelmutfakgerecleri.com\/index.php\/urun\/wega-lunna-2-gruplu-tam-otomatik-espresso-makinesi\/","title":{"rendered":"Wega Lunna 2 Gruplu Tam Otomatik Espresso Makinesi"},"content":{"rendered":"<h3>Wega 2 Gruplu Tam Otomatik Espresso Makinesi, EVD2 TC<\/h3>\n<ul>\n<li>Her bir grup i\u00e7in 4 adet programlanabilir dozaj ayar\u0131<\/li>\n<li>Standart \u00f6n demleme<\/li>\n<li>2 adet buhar \u00e7ubu\u011fu<\/li>\n<li>Otomatik s\u0131cak su \u00e7\u0131k\u0131\u015f\u0131 (2-3gr)<\/li>\n<li>Dahili motor pompas\u0131<\/li>\n<li>122 cm y\u00fckseltilmi\u015f grup<\/li>\n<li><strong>Boyler kapasitesi:<\/strong>\u00a010,5 Litre<\/li>\n<li><strong>Elektrik Ba\u011flant\u0131s\u0131:<\/strong>\u00a0220\/400 V &#8211; 1N\/3N<\/li>\n<li><strong>Elektrik G\u00fcc\u00fc:<\/strong>\u00a03700 W<\/li>\n<li><strong>A\u011f\u0131rl\u0131k:<\/strong>\u00a062 kg.<\/li>\n<li><strong>\u00d6l\u00e7\u00fcler:\u00a0<\/strong>74\u00d755.5\u00d751.5 cm<\/li>\n<\/ul>\n","protected":false},"excerpt":{"rendered":"<h5>+ KDV<\/h5>\n<h5>\u0130stanbul i\u00e7i \u00fccretsiz teslimat.<\/h5>\n<h5>Kurumsal teklif al\u0131n.<\/h5>\n","protected":false},"featured_media":1712,"comment_status":"open","ping_status":"closed","template":"","meta":{"_joinchat":[]},"product_brand":[],"product_cat":[44,36],"product_tag":[],"class_list":{"0":"post-1711","1":"product","2":"type-product","3":"status-publish","4":"has-post-thumbnail","6":"product_cat-cafe-ekipmanlari","7":"product_cat-icecek-ekipmanlari","9":"first","10":"instock","11":"sale","12":"taxable","13":"shipping-taxable","14":"purchasable","15":"product-type-simple"},"jetpack_sharing_enabled":true,"_links":{"self":[{"href":"https:\/\/www.gurelmutfakgerecleri.com\/index.php\/wp-json\/wp\/v2\/product\/1711","targetHints":{"allow":["GET"]}}],"collection":[{"href":"https:\/\/www.gurelmutfakgerecleri.com\/index.php\/wp-json\/wp\/v2\/product"}],"about":[{"href":"https:\/\/www.gurelmutfakgerecleri.com\/index.php\/wp-json\/wp\/v2\/types\/product"}],"replies":[{"embeddable":true,"href":"https:\/\/www.gurelmutfakgerecleri.com\/index.php\/wp-json\/wp\/v2\/comments?post=1711"}],"wp:featuredmedia":[{"embeddable":true,"href":"https:\/\/www.gurelmutfakgerecleri.com\/index.php\/wp-json\/wp\/v2\/media\/1712"}],"wp:attachment":[{"href":"https:\/\/www.gurelmutfakgerecleri.com\/index.php\/wp-json\/wp\/v2\/media?parent=1711"}],"wp:term":[{"taxonomy":"product_brand","embeddable":true,"href":"https:\/\/www.gurelmutfakgerecleri.com\/index.php\/wp-json\/wp\/v2\/product_brand?post=1711"},{"taxonomy":"product_cat","embeddable":true,"href":"https:\/\/www.gurelmutfakgerecleri.com\/index.php\/wp-json\/wp\/v2\/product_cat?post=1711"},{"taxonomy":"product_tag","embeddable":true,"href":"https:\/\/www.gurelmutfakgerecleri.com\/index.php\/wp-json\/wp\/v2\/product_tag?post=1711"}],"curies":[{"name":"wp","href":"https:\/\/api.w.org\/{rel}","templated":true}]}}